52 + -2?
225130550
In base 11, what is 31188 - -638?
31815
In base 6, what is -1205244100 - 0?
-1205244100
In base 12, what is -22 - -150293?
150271
In base 8, what is 77462266 + -4?
77462262
In base 14, what is -4ca264c - -4?
-4ca2648
In base 7, what is 6345144 - -62?
6345236
In base 12, what is -4b4 - 306137?
-30662b
In base 11, what is 24a38614 - 5?
24a3860a
In base 13, what is -946530 - -8?
-946525
In base 10, what is 3641982 + -36?
3641946
In base 14, what is 51647822 - 0?
51647822
In base 7, what is -10153 + 1335041?
1324555
In base 16, what is 1f4f0 - 1da1?
1d74f
In base 2, what is 1011100100 + 101011011101001010?
101011101000101110
In base 3, what is -12200210111221 + 11?
-12200210111210
In base 13, what is 23988 + 279?
23c34
In base 15, what is -abad42e4 - -4?
-abad42e0
In base 16, what is -1b13 + 741?
-13d2
In base 15, what is -913 - d202?
-db15
In base 13, what is -4 - 115a4789?
-115a4790
In base 13, what is 4c4 + 1134?
1628
In base 8, what is 122 - 1272711?
-1272567
In base 9, what is 20572 - -5220?
25802
In base 3, what is -21001 + -2100110200220?
-2100110221221
In base 3, what is -102 - 202110211110?
-202110211212
In base 16, what is -141d2 - 98?
-1426a
In base 15, what is -11607714 - -1?
-11607713
In base 6, what is 3 - 10314452544?
-10314452541
In base 13, what is -1c4 - -3b133?
3ac3c
In base 9, what is -82222246 + -4?
-82222251
In base 7, what is -24000525 + 5?
-24000520
In base 11, what is a0341 + 97?
a0428
In base 11, what is 317 + -4269?
-3a52
In base 2, what is -1010101100100 - 110001110?
-1011011110010
In base 7, what is -4103354 - -54?
-4103300
In base 6, what is 240113252444 + 5?
240113252453
In base 4, what is 2 - -11023203232210?
11023203232212
In base 12, what is 139b2b1 + -10a?
139b1a3
In base 3, what is 21 - 121111110110202?
-121111110110111
In base 6, what is 31152500 - -421?
31153321
In base 7, what is 36010 + -10100?
25610
In base 11, what is 10a01a4 + -57?
10a0148
In base 11, what is -53 - 200a655?
-200a6a8
In base 15, what is 9c25e1 - 3?
9c25dd
In base 3, what is 1000200122001222 + 200?
1000200122002122
In base 14, what is -1 - c1b3b?
-c1b3c
In base 3, what is 1 + 12022120221200010?
12022120221200011
In base 7, what is 5 + 322312300?
322312305
In base 16, what is 629d046 + 9?
629d04f
In base 15, what is -36 - -214a1c?
2149d6
In base 8, what is 42333345 - -2?
42333347
In base 13, what is -b8374 - b?
-b8382
In base 16, what is 15 + 11fe30?
11fe45
In base 8, what is -2 - 102221370?
-102221372
In base 11, what is -1a2a74a8 - -5?
-1a2a74a3
In base 7, what is -10522653 + 11?
-10522642
In base 4, what is 10 - -312100313010?
312100313020
In base 16, what is -1 - 4064a4?
-4064a5
In base 10, what is -458 + 36072?
35614
In base 4, what is -11 - 32003120321131?
-32003120321202
In base 8, what is 12 - -23532161?
23532173
In base 6, what is -11021221 + 43?
-11021134
In base 8, what is -66562412 + -2?
-66562414
In base 5, what is 2130244 - 31204?
2044040
In base 7, what is 36120 - 45463?
-6343
In base 3, what is -1011 + -2022002000111211?
-2022002000112222
In base 11, what is -1 - 1041526?
-1041527
In base 6, what is 1 + 4013121430?
4013121431
In base 13, what is -806b8 - -2?
-806b6
In base 10, what is -2 - 4962668?
-4962670
In base 7, what is 32621516 + 3?
32621522
In base 5, what is 2124200143 + 110?
2124200303
In base 8, what is 111 + 1025321?
1025432
In base 5, what is 420144324 + -40?
420144234
In base 12, what is 11147 - 93?
11074
In base 15, what is 28 - -d8baa?
d8bd3
In base 15, what is 5 + -1ec60c?
-1ec607
In base 9, what is 274353 + 476?
274840
In base 13, what is -13 + -aca021?
-aca034
In base 10, what is -93031 - -25?
-93006
In base 10, what is 645 + -88162?
-87517
In base 15, what is -2248 + -a86d?
-cab6
In base 4, what is 223003 - -1033132?
1322201
In base 15, what is -5 - -58ca0?
58c9a
In base 7, what is -1441403 - 1163?
-1442566
In base 13, what is 0 + -28bb781?
-28bb781
In base 8, what is -6422 + -1075?
-7517
In base 12, what is -1a46 + 6043?
41b9
In base 9, what is 783 + 685615?
686508
In base 10, what is -493 + -48323?
-48816
In base 4, what is -3 - -111132003321?
111132003312
In base 3, what is -1110002 - 221110010?
-222220012
In base 11, what is -66917 + 20a?
-66708
In base 12, what is -7358 - -106b?
-62a9
In base 3, what is 0 + 111011111102?
111011111102
In base 13, what is 29ab - -c43a?
12118
In base 3, what is -11221120220 - -122?
-11221120021
In base 16, what is 9c935 + 142?
9ca77
In base 10, what is 4 + 146404241?
146404245
In base 14, what is -1b97cc76 - -6?
-1b97cc70
In base 14, what is 24c - -308d?
32db
In base 15, what is -2 + 7588ad1?
7588ace
In base 13, what is 2 - 322c886?
-322c884
In base 7, what is -323440 + 3063?
-320344
In base 12, what is -51160 + 663?
-506b9
In base 7, what is -66260 + -2465?
-102055
In base 9, what is -6278041 - 82?
-6278133
In base 15, what is 3 + -21744d2a?
-21744d27
In base 4, what is -12211332211122 + -1?
-12211332211123
In base 8, what is 1444 + 14047?
15513
In base 7, what is -6332 + 14103?
4441
In base 16, what is -170cf6 + -55?
-170d4b
In base 5, what is 240304403 - 2?
240304401
In base 15, what is 5671 - -10?
5681
In base 7, what is -2101526641 - 20?
-2101526661
In base 12, what is 11a0 - -3b25?
5105
In base 4, what is 10 - -2013321323010?
2013321323020
In base 11, what is -5a0 + -a8173?
-a8763
In base 7, what is 0 + 30063502?
30063502
In base 14, what is 4 + 3cdd4?
3cdd8
In base 8, what is 17722715 + -105?
17722610
In base 16, what is -1e9 - -1b45b?
1b272
In base 16, what is -145bdc - 2?
-145bde
In base 9, what is 4 - -16638780?
16638784
In base 7, what is 11466150021 + 5?
11466150026
In base 9, what is 0 + -14852058?
-14852058
In base 2, what is 111101000100001001 + -1011111101?
111100111000001100
In base 13, what is c235 + 111?
c346
In base 13, what is 3550 - 333?
321a
In base 10, what is 13 - 12100992?
-12100979
In base 16, what is 2f28ba - 38?
2f2882
In base 4, what is 33310 - 13333002?
-13233032
In base 9, what is -127 - 2154437?
-2154565
In base 6, what is -11222 - 34343?
-50005
In base 5, what is -111003000 - 104?
-111003104
In base 2, what is 10110000111010110111101110 - 101?
10110000111010110111101001
In base 16, what is -248a - 71d?
-2ba7
In base 8, what is 2562 - 35463?
-32701
In base 16, what is -858 - -15c1?
d69
In base 8, what is -2 - 43217415?
-43217417
In base 7, what is 600262502 + -4?
600262465
In base 3, what is 10100102121 + -11010?
10100021111
In base 12, what is -8b8269 - 6?
-8b8273
In base 15, what is 1c4a1 + -a7?
1c3e9
In base 16, what is 5 + e84c7?
e84cc
In base 14, what is 538b - 2329a?
-1bd0d
In base 4, what is -10 + -3131233122?
-3131233132
In base 14, what is 429d00 + -3d?
429ca1
In base 12, what is -65704a9 - -5?
-65704a4
In base 4, what is 23000011320 + -11?
23000011303
In base 13, what is 250 + 1200?
1450
In base 8, what is 1 - -31362524?
31362525
In base 5, what is -2410213 + -244214?
-3204432
In base 5, what is -101 + -4101140110?
-4101140211
In base 11, what is 20 + 9014?
9034
In base 14, what is 7 - 10820c0?
-10820b7
In base 4, what is 130030 + -330230302?
-330100212
In base 9, what is -237211676 - -1?
-237211675
In base 15, what is -7 + -a6d51a?
-a6d522
In base 12, what is 26a - -12967?
13015
In base 6, what is -122430303 - 3025?
-122433332
In base 5, what is -11303 - -2114333?
2103030
In base 2, what is 1001010011 + 1000011010110000?
1000100100000011
In base 15, what is -163e65 + -6?
-163e6b
In base 13, what is 804b - 50?
7ccb
In base 2, what is 1110001 - -11110000010111?
11110010001000
In base 4, what is 110131 - 21003030?
-20232233
In base 15, what is -41d9a + 5?
-41d95
In base 16, what is -14fd - -241b?
f1e
In base 12, what is -112 + -366a1?
-367b3
In base 15, what is a0b42 - -12?
a0b54
In base 12, what is 573459 - 2b?
57342a
In base 9, what is -5 + 15861858?
15861853
In base 4, what is -1102120011 - -120?
-1102113231
In base 3, what is -121020201121120211 + -2?
-121020201121120220
In base 8, what is 164 + 6171301?
6171465
In base 14, what is -d00 - 11?
-d11
In base 12, what is 4b9ab1 + -1?
4b9ab0
In base 6, what is 12 - 14102121310?
-14102121254
In base 9, what is -1 + -1142432?
-1142433
In base 15, what is -3 + -c818949?
-c81894c
In base 15, what is -21e45 + 7d?
-21db7
In base 7, what is 3 + -105400505?
-1054005